1 + 14 + (-67 - (-71 + 11)).
4
What is 5 + -16 + (54 - 2)?
41
What is the value of (65 + 15 - 96) + (38 - 0)?
22
What is 97 + (11 - 15) + (13 - 20) + 4 + -4?
86
What is the value of (-14 - -37 - 5) + (-5 - (8 - (8 + -3)))?
10
((0 - -6) + 53 - 50) + -2 + 0 + 1
8
Calculate -23 + (690 - 601) + (2 - 6).
62
What is (-171 - -163 - (-1 + 0 + -15)) + 4?
12
Evaluate -7 - (-14 + (-11 - -5)) - -30.
43
-7 + 4 - -12 - 4 - 38
-33
What is the value of -3 + -31 - (-25 + (43 - (28 - -2)))?
-22
What is (-3 - -19) + 22 + 1 + -92?
-53
(3 - 14) + 1 - (71 + -59 + -20)
-2
64 - 1 - ((27 - 4) + -15 + -25 + 10)
70
7 + 11 + -26 + 13 - 2 - 8 - -3
-2
Calculate 1 + (7 - 27) + 14 - 3 - (5 - 133).
120
What is -16 - (-36 + -23 + 3 + 7)?
33
Evaluate (127 - 170) + 29 + 1 + 8.
-5
(4 - -46) + 0 + (-11 - ((-6 - -20) + -19))
44
Calculate -21 - (-22 + (8 - 4) + 16) - -8.
-11
Calculate -54 + -15 + 71 + -1 + -13 - -24.
12
Evaluate (-10 - 55 - 10) + 19 - 33.
-89
What is -50 + 41 - (10 - (20 - -4) - -9)?
-4
Calculate (-171 - -22) + ((-127 - -129) + 7 + -1 - -2).
-139
Calculate -7 + 17 + -41 + 39.
8
What is 18 - (-8 + -5 - -49) - (4 - 2)?
-20
Calculate -90 + 8 - (-52 - -36) - 31.
-97
Evaluate 10 - -1 - (28 - 25 - -23).
-15
Calculate 0 - (-10 + 1) - (-19 - (-17 + 14 + -14)).
11
What is -17 + (-21 - -9) + 23 + (0 - -12) + -4?
2
Calculate (8 - (-7 + -4)) + (1 - 10 - -10).
20
Calculate 193 + (40 - 141) - 118.
-26
-6 + -1 + -54 + -7 + (417 - 337)
12
What is -10 + (20 - (-1 - (1 + -4))) + -5 + 31?
34
What is 26 - 0 - ((-203 - -197) + -2 + 20)?
14
Evaluate -138 - -155 - (48 + 8).
-39
Calculate (24 - (34 - 13)) + 14 + -68.
-51
What is the value of 11 + (-6 + -13 - 11) + 26 + 0 + -79?
-72
Evaluate -66 - (33 + (-4 - 125)).
30
-49 - -66 - (-1 + -1 + -22 + 34)
7
What is -33 - (-44 + 32) - (81 + (13 - 15))?
-100
Evaluate -17 - (966 - 1025 - (-17 + -1)).
24
What is the value of -2 + (0 - -1) + (-44 - ((5 - 5) + 10))?
-55
What is the value of 2 + 1 + 41 + 2 + -51 - 89?
-94
What is (-34 - -45) + -106 - -33 - (-1 - -1)?
-62
What is the value of -14 + (10 - 4) - (-5 - 65) - 12?
50
Calculate 108 - (333 - 212) - (-16 - 0).
3
Evaluate (-1 - 33) + -37 + (108 - 73).
-36
Calculate -16 + 0 + 2 + -86 + 59.
-41
What is the value of 97 - (-28 - -36) - 63 - (15 + -1)?
12
(113 - 7) + (588 - 631)
63
60 - (42 + -34 + 142)
-90
What is the value of 4 - (-13 - 9) - 2 - -75 - 15?
84
What is the value of (-56 - (-89 + 1)) + -41?
-9
What is the value of -91 + ((-28 - -2) + -10 - -21)?
-106
Evaluate -24 - -109 - (96 + -47).
36
Evaluate (-70 - (22 - 52) - -29) + (-1 - 2).
-14
Calculate -20 - ((48 - -1) + 152 + -177).
-44
What is 5 - 3 - 2 - ((-27 - -30) + -6)?
3
What is the value of 31 + 1 + -1 + -619 + 631?
43
-13 - 6 - (-52 + -5 - 14)
52
Evaluate -2185 + 2230 - (15 + 0 + -1).
31
What is 6 - (-27 + 30 + 35)?
-32
What is -7 + 3 - 0 - 4 - (-16 - 0 - -22)?
-14
Calculate -9648 - -9570 - (1 + -60).
-19
Calculate 22 + -16 + -11 + -62.
-67
-413 + 305 - (-49 - 11)
-48
-149 + 3 + 13 + -10 + 2 + -6 + 2
-145
Calculate -1 + 67 - (9 - (5 - (-21 + 21 + 4))).
58
What is (32 - (-28 - -76)) + -8 + 1?
-23
What is the value of 1711 - 1704 - ((0 - 0) + -33)?
40
What is the value of 0 + 10 - ((-1 - 17) + -23 + -4 + -2)?
57
-124 - (31 - 113) - -27
-15
What is (-754 - -708) + (21 - -1)?
-24
What is (3 - -1) + (2 + 5 - 6) + (-15 - -3)?
-7
Calculate 4 - 18 - -58 - 30.
14
What is (-2 - -96 - 51) + -37?
6
Calculate (12 - 5) + -7 + (40 - (-1 - 0)).
41
What is (-5 - (3 + 25)) + 25 + -22 + 8?
-22
What is (47 - 68) + (-14 - -33)?
-2
What is the value of 41 - (33 - (102 - 118))?
-8
Calculate 1 + -51 - (-73 - 31 - -100).
-46
Evaluate 67 - (14 + 29 - -14).
10
What is 54 - (-506 + 489 + (-2 - -30))?
43
Evaluate 11 + (88 + -144 - -38).
-7
What is the value of 5 + (10 - 10) + 0 - (9 - -10)?
-14
Evaluate -22 - (34 + -44) - (7 - (-1 - -1)).
-19
What is (986 - 968) + (-2 - -1 - 10) + -51?
-44
What is the value of 1 + 18 - (25 + 53 + -67)?
8
What is -2 + 6 + (13 + 19 - 12 - (-34 - 25))?
83
What is the value of 1099 + -1204 + 3 + -13?
-115
What is 9 + -4 + 20 + 5 + -5 + -19 + 1?
7
What is 12 + 3 - (-284 - -243) - (-2 + 26)?
32
What is the value of -12 - (87 + -59 + -61)?
21
What is the value of 18 + -22 + (49 - 49 - (-2 + 1 + 8))?
-11
Calculate -13 - (11 + -19) - (1 - 30).
24
Evaluate 0 - ((5 - 30) + 139 + -50).
-64
What is the value of -55 + 25 + 7 + -12 + 6 - 10?
-39
62 + -255 + 61 - (7 - (20 - 5))
-124
What is 0 + (-3 - -6 - 12 - (-12 - (99 - 29)))?
73
What is the value of -16 - (5 + (11 - 1))?
-31
-2 - 26 - (-287 + 316)
-57
What is 75 + (-73 + -44 - -29)?
-13
Evaluate (22 - (20 + 13 + 5 + -6)) + 122 + 0.
112
Calculate -45 + 122 + -92 - (-67 + (3 - 2)).
51
What is 0 - -14 - (113 - 110 - 2)?
13
(8 - 18) + 78 + (-15 - (15 + -36)) + -5
69
Evaluate 40 - 4 - 19 - (-1 + -3 - -4).
17
-3 + -1 + (-13 - -31 - 14) + (53 - 4)
49
Calculate 57 + -40 + -10 + 11 + 0 + 2.
20
(22 - -3) + (-11 - (-9 + 5 + (1 - -1)))
16
What is -1 - (-27 + -65 + 45)?
46
Calculate (4 - -5) + -5 + 3 + 323 + -212.
118
Calculate (-102 - (27 - 87)) + 27.
-15
-1 - (-5 - (-7 - -8) - 3 - -39)
-31
(4 - -1 - -28) + (417 - 434)
16
-5 + 14 - (-3 + (4 - 13) - -102)
-81
-42 + -15 + 17 + (6 - -6 - 10) + 2
-36
Calculate (-61 - -55) + 1 + -13.
-18
-5 - 33 - (40 - 135)
57
10 - ((9 - -1 - (2 + 5 + -1)) + 33)
-27
What is 7 + -2 + (-3 - 8) + 7 - 10 - -6?
-3
What is the value of (1 - 63) + (18 - -2 - (-80 - -86) - 16)?
-64
What is 12 - (-19 + (-10 - -76) + -15 + -24)?
4
What is (0 - -3) + 6 + (-1 - 8 - 3)?
-3
-61 + 39 + 18 - (-3 - -20 - (3 + 2))
-16
What is the value of -25 + -5 + -4 + 20 - -12 - 42?
-44
Calculate 3 + -4 + -4 + 10 - (257 - 172) - -2.
-78
What is 20 + (13 - (-24 + 5 + 18) - 49)?
-15
Calculate (20 - 10) + 20 + -8 + 5.
27
What is (1 - 10) + (55 - 41) + -10 + -11?
-16
Calculate 10 + (10 - -18 - 29).
9
Calculate -116 + -113 + 196 + 20.
-13
What is the value of (23 + -3 - 35) + 8?
-7
What is the value of 6 + (21 - -6 - 18) - 18?
-3
What is the value of (65 - 10) + -47 - ((-8 - 2) + 94)?
-76
Calculate -20 - ((1 - -6) + 3 + (-496 - -489)).
-23
What is -18 - (-15 + 19 + -11) - -35?
24
What is 5 - (100 - (3 - (29 + -47)))?
-74
-59 - (-90 + 44 - 90)
77
Calculate (0 - 6) + (-106 - -133 - (-1 - 0 - 1)).
23
What is 7 - (7 + 6) - -1 - (-4 + 14)?
-15
Calculate 4 - 103 - (487 - 573).
-13
Calculate -18 + (19 - (18 - (1 + -3))).
-19
Calculate -2 - (20 + 0 - (4 - -1)).
-17
Evaluate (5 - 3 - -4) + -414 + 468.
60
Calculate 54 + (-1 - (-5 - -46)).
12
Evaluate -25 + (-14 - (-33 + 23)).
-29
What is (40 - (21 + 14 - 35)) + -95?
-55
Evaluate 40 + 0 + 0 + (-5286 - -5305).
59
-620 - -627 - (-1 + -17 + -1)
26
What is the value of 7 + 1 + -5 + -59 + 59 + -5 + -56?
-58
Calculate 169 + -192 + (188 - 80).
85
What is -14 - (47 + -7 + 15 + -47)?
-22
What is -15 + (10 - 1) + -7 - 22?
-35
What is the value of -37 + (-1 - 8) - ((-23 - 5) + 45)?
-63
(-3 - 11 - 16 - (-182 + 141)) + (83 - 1)
93
Calculate 29 - -1 - (-2 + -4 - (8 - (4 + 16))).
24
Calculate -46 + (0 - (-11 + 4)) + (15 - (4 - -12)).
-40
(-103 - -32) + 97 - (-2 + 16) - (1 + -5)
16
What is (-2 + -3 - (-1 - (13 - 8))) + (-30 - -6)?
-23
-6 + -5 + (20 - 22) + 1
-12
What is the value of -25 + 36 + 13 + -62 - 1?
-39
902 - 887 - (1 - (-2 - -2)) - -18
32
Calculate -2 + (0 - -1) + (1 - -17).
17
What is the value of -6 - 24 - (-2 + 16 + 17)?
-61
Evaluate (-5 - ((10 + -21 - 15) + -11)) + 4.
36
What is (226 - 191) + (34 - 9) + -43?
17
(-1 + 12 + -11 + -5 - 34 - 4) + 5
-38
Evaluate 10 - (69 + -20 - 49 - (-55 - 0)).
-45
What is -20 + 0 + (11 - 3) + 13 - (8 - -55)?
-62
Calculate (-39 - (-10 - 3)) + 145 + -123.
-4
Calculate -2 + 19 - (4 - 10 - 2).
25
Evaluate (-4 + 26 - 24) + (-3 - (-2 + 57)) + 1.
-59
What is 6 + 0 - ((-122 + 245 - 128) + (1 - -3))?
7
Calculate (53 - 2) + (231 - 264) + -11.
7
What is the value of 57 - 8 - (8 - (-6 + 15 + 4)) - 8?
46
Evaluate (-82 - -273 - 232) + (80 - -2).
41
Evaluate (183 - 181 - (0 - -10) - (-3 - -2)) + -14.
-21
Evaluate 6 + -8 - ((13 - 29 - (1 + -1)) + -7).
21
Evaluate 131 + -126 + 17 - (94 + -1).
-71
-11 - (-6 - -17 - 1) - (-4 - (0 + 4))
-13
What is the value of -32 + (3 - (30 - 115))?
56
What is 10 + (99 - (15 + 23))?
71
What is -126 - ((-1 - 13) + -13 + -37 + 53)?
-115
What is 19 + -13 + -29 - -58?
35
((15 - 29) + 24 - 31) + 5
-16
Evaluate -47 + (60 - (-60